{"id":3546,"date":"2015-12-21T04:27:02","date_gmt":"2015-12-21T02:27:02","guid":{"rendered":"http:\/\/kadrandergi.com.tr\/?page_id=3546"},"modified":"2023-08-25T23:27:04","modified_gmt":"2023-08-25T23:27:04","slug":"bize-yazin","status":"publish","type":"page","link":"https:\/\/www.kadrandergi.com.tr\/?page_id=3546","title":{"rendered":"B\u0130ZE YAZIN"},"content":{"rendered":"\n<div class=\"wp-block-group is-layout-constrained wp-block-group-is-layout-constrained\"><div class=\"wp-block-group__inner-container\">\n<div class=\"wp-block-contact-form-7-contact-form-selector\">\n<div class=\"wpcf7 no-js\" id=\"wpcf7-f7-o1\" lang=\"tr-TR\" dir=\"ltr\">\n<div class=\"screen-reader-response\"><p role=\"status\" aria-live=\"polite\" aria-atomic=\"true\"><\/p> <ul><\/ul><\/div>\n<form action=\"\/index.php?rest_route=%2Fwp%2Fv2%2Fpages%2F3546#wpcf7-f7-o1\" method=\"post\" class=\"wpcf7-form init\" aria-label=\"Contact form\" novalidate=\"novalidate\" data-status=\"init\">\n<div style=\"display: none;\">\n<input type=\"hidden\" name=\"_wpcf7\" value=\"7\" \/>\n<input type=\"hidden\" name=\"_wpcf7_version\" value=\"5.9.5\" \/>\n<input type=\"hidden\" name=\"_wpcf7_locale\" value=\"tr_TR\" \/>\n<input type=\"hidden\" name=\"_wpcf7_unit_tag\" value=\"wpcf7-f7-o1\" \/>\n<input type=\"hidden\" name=\"_wpcf7_container_post\" value=\"0\" \/>\n<input type=\"hidden\" name=\"_wpcf7_posted_data_hash\" value=\"\" \/>\n<\/div>\n<p><label> Ad Soyad<br \/>\n<span class=\"wpcf7-form-control-wrap\" data-name=\"your-name\"><input size=\"40\" class=\"wpcf7-form-control wpcf7-text wpcf7-validates-as-required\" autocomplete=\"name\" aria-required=\"true\" aria-invalid=\"false\" value=\"\" type=\"text\" name=\"your-name\" \/><\/span> <\/label>\n<\/p>\n<p><label> E-mail<br \/>\n<span class=\"wpcf7-form-control-wrap\" data-name=\"your-email\"><input size=\"40\" class=\"wpcf7-form-control wpcf7-email wpcf7-validates-as-required wpcf7-text wpcf7-validates-as-email\" autocomplete=\"email\" aria-required=\"true\" aria-invalid=\"false\" value=\"\" type=\"email\" name=\"your-email\" \/><\/span> <\/label>\n<\/p>\n<p><label> Konu<br \/>\n<span class=\"wpcf7-form-control-wrap\" data-name=\"your-subject\"><input size=\"40\" class=\"wpcf7-form-control wpcf7-text wpcf7-validates-as-required\" aria-required=\"true\" aria-invalid=\"false\" value=\"\" type=\"text\" name=\"your-subject\" \/><\/span> <\/label>\n<\/p>\n<p><label> Mesaj (optional)<br \/>\n<span class=\"wpcf7-form-control-wrap\" data-name=\"your-message\"><textarea cols=\"40\" rows=\"10\" class=\"wpcf7-form-control wpcf7-textarea\" aria-invalid=\"false\" name=\"your-message\"><\/textarea><\/span> <\/label>\n<\/p>\n<p><input class=\"wpcf7-form-control wpcf7-submit has-spinner\" type=\"submit\" value=\"G\u00f6nder\" \/>\n<\/p><div class=\"wpcf7-response-output\" aria-hidden=\"true\"><\/div>\n<\/form>\n<\/div>\n<\/div>\n<\/div><\/div>\n\n\n<p>\u00a0<\/p>\n<p style=\"text-align: left;\">\u00a0<\/p>\n<p>Dergimize eser g\u00f6ndermek isteyenlerin dikkatine;<\/p>\n<p>&#8211; Eserlerin Word dosyas\u0131 h\u00e2linde g\u00f6nderilmeleri gerekmektedir.<br \/>&#8211; Dosyaya ad, soyad ve ba\u015fl\u0131k mutlaka eklenmelidir.<br \/>&#8211; Yaz\u0131m kurallar\u0131 ve iml\u00e2ya dikkat edilen eserler \u00f6nceliklidir.<br \/>&#8211; Eserler \u00fc\u00e7 be\u015f sat\u0131r kadar k\u0131sa veya a\u015f\u0131r\u0131 uzun olmamal\u0131d\u0131r.<br \/>&#8211; G\u00f6nderilen eserler daha \u00f6nce hi\u00e7bir yerde yay\u0131mlanmam\u0131\u015f olmal\u0131d\u0131r.<br \/>&#8211; Yay\u0131mlanmas\u0131n\u0131 istedi\u011finiz eserlerinizi ge\u00e7erli ay\u0131n 18&#8217;ine kadar g\u00f6ndermi\u015f olman\u0131z gerekmektedir. Sonraki g\u00fcnlerde gelen eserler bir sonraki ay i\u00e7in de\u011ferlendirilecektir.<br \/>&#8211; Maillerine eser g\u00f6nderiminden sonra &#8220;bir ay i\u00e7inde yay\u0131mlanacakt\u0131r&#8221; bilgisi ula\u015fmayan ki\u015filerin eserleri yay\u0131n kurulundan ge\u00e7memi\u015f demektir.<\/p>\n<p>\u00a0<\/p>\n<p>Eserlerinizi iletisim@kadrandergi.com.tr mail adresine word belgesi olarak g\u00f6nderebilirsiniz.<\/p>\n\n\n<p><\/p>\n\n\n\n<p><\/p>\n","protected":false},"excerpt":{"rendered":"<p>\u00a0 \u00a0 Dergimize eser g\u00f6ndermek isteyenlerin&#8230;<\/p>\n","protected":false},"author":1,"featured_media":0,"parent":0,"menu_order":0,"comment_status":"closed","ping_status":"closed","template":"","meta":{"footnotes":""},"_links":{"self":[{"href":"https:\/\/www.kadrandergi.com.tr\/index.php?rest_route=\/wp\/v2\/pages\/3546"}],"collection":[{"href":"https:\/\/www.kadrandergi.com.tr\/index.php?rest_route=\/wp\/v2\/pages"}],"about":[{"href":"https:\/\/www.kadrandergi.com.tr\/index.php?rest_route=\/wp\/v2\/types\/page"}],"author":[{"embeddable":true,"href":"https:\/\/www.kadrandergi.com.tr\/index.php?rest_route=\/wp\/v2\/users\/1"}],"replies":[{"embeddable":true,"href":"https:\/\/www.kadrandergi.com.tr\/index.php?rest_route=%2Fwp%2Fv2%2Fcomments&post=3546"}],"version-history":[{"count":4,"href":"https:\/\/www.kadrandergi.com.tr\/index.php?rest_route=\/wp\/v2\/pages\/3546\/revisions"}],"predecessor-version":[{"id":12340,"href":"https:\/\/www.kadrandergi.com.tr\/index.php?rest_route=\/wp\/v2\/pages\/3546\/revisions\/12340"}],"wp:attachment":[{"href":"https:\/\/www.kadrandergi.com.tr\/index.php?rest_route=%2Fwp%2Fv2%2Fmedia&parent=3546"}],"curies":[{"name":"wp","href":"https:\/\/api.w.org\/{rel}","templated":true}]}}